he greatest common divisor of 33 and 39?
3
Calculate the highest common factor of 3335 and 580.
145
What is the greatest common factor of 246 and 30?
6
Calculate the highest common factor of 24687 and 26.
13
What is the highest common factor of 318 and 18?
6
Calculate the highest common divisor of 24 and 30.
6
What is the highest common divisor of 84 and 168?
84
Calculate the highest common factor of 328 and 41.
41
Calculate the greatest common divisor of 149 and 149.
149
What is the highest common factor of 190 and 40?
10
Calculate the greatest common divisor of 28 and 1876.
28
What is the greatest common divisor of 96552 and 298?
298
Calculate the highest common divisor of 935 and 340.
85
Calculate the greatest common divisor of 888 and 1200.
24
What is the highest common divisor of 2704 and 10478?
338
Calculate the highest common divisor of 1523 and 1.
1
What is the greatest common divisor of 2893 and 11?
11
What is the greatest common factor of 9863 and 7?
7
Calculate the highest common divisor of 8 and 1.
1
What is the highest common divisor of 3399 and 22?
11
What is the highest common divisor of 209 and 33?
11
What is the highest common factor of 20930 and 13?
13
What is the greatest common divisor of 900 and 36?
36
Calculate the greatest common divisor of 6108 and 12.
12
What is the highest common factor of 40 and 1552?
8
Calculate the greatest common factor of 24 and 321.
3
Calculate the highest common factor of 390 and 156.
78
What is the greatest common factor of 300 and 2540?
20
Calculate the highest common divisor of 85 and 119.
17
Calculate the greatest common divisor of 9436 and 84.
28
Calculate the greatest common factor of 64 and 208.
16
What is the highest common factor of 25 and 55?
5
What is the highest common factor of 187 and 731?
17
What is the greatest common factor of 43343 and 974?
487
Calculate the greatest common factor of 12 and 80.
4
What is the greatest common factor of 10514 and 28?
14
Calculate the greatest common factor of 970 and 10.
10
What is the greatest common factor of 890 and 22?
2
What is the greatest common divisor of 893 and 1739?
47
Calculate the greatest common factor of 127 and 1016.
127
Calculate the greatest common divisor of 212 and 33920.
212
What is the greatest common factor of 96 and 684?
12
Calculate the highest common divisor of 759 and 33.
33
What is the greatest common factor of 16 and 1888?
16
What is the greatest common divisor of 3122 and 448?
14
Calculate the greatest common factor of 40 and 104.
8
What is the highest common divisor of 128 and 1856?
64
What is the greatest common divisor of 186 and 837?
93
Calculate the highest common factor of 64 and 608.
32
Calculate the highest common factor of 33 and 2673.
33
What is the highest common factor of 1080 and 225?
45
What is the highest common divisor of 1365 and 3315?
195
What is the highest common divisor of 918 and 9?
9
What is the highest common factor of 18 and 2202?
6
Calculate the greatest common divisor of 2079 and 11.
11
What is the highest common divisor of 1044 and 8178?
174
What is the greatest common factor of 63 and 56?
7
Calculate the greatest common divisor of 170 and 25.
5
What is the highest common factor of 143 and 187?
11
What is the greatest common divisor of 432 and 27?
27
What is the greatest common divisor of 9 and 93?
3
Calculate the greatest common factor of 31 and 899.
31
What is the highest common factor of 3551 and 53?
53
What is the highest common divisor of 598 and 78?
26
What is the greatest common factor of 68 and 5508?
68
What is the highest common factor of 364 and 12896?
52
What is the highest common factor of 14 and 112?
14
Calculate the highest common factor of 90 and 279.
9
Calculate the highest common divisor of 290 and 116.
58
Calculate the greatest common divisor of 2 and 358.
2
Calculate the greatest common divisor of 1152 and 18.
18
Calculate the greatest common factor of 1692 and 36.
36
Calculate the greatest common divisor of 28 and 426.
2
Calculate the highest common factor of 208 and 858.
26
Calculate the greatest common divisor of 493 and 377.
29
Calculate the highest common divisor of 32 and 240.
16
Calculate the greatest common divisor of 123 and 6.
3
What is the highest common factor of 25 and 550?
25
Calculate the highest common factor of 59 and 1062.
59
Calculate the greatest common factor of 527 and 17.
17
Calculate the greatest common factor of 25 and 1075.
25
What is the highest common divisor of 87 and 17487?
87
Calculate the highest common factor of 11 and 41393.
11
What is the greatest common factor of 165 and 60?
15
Calculate the greatest common divisor of 22 and 176.
22
What is the highest common divisor of 22 and 27?
1
What is the highest common divisor of 152 and 494?
38
Calculate the highest common factor of 204 and 102.
102
What is the highest common factor of 53 and 32?
1
Calculate the highest common divisor of 476 and 1071.
119
What is the highest common divisor of 88 and 121?
11
What is the greatest common factor of 22490 and 65?
65
Calculate the greatest common factor of 335 and 201.
67
Calculate the highest common divisor of 1140 and 300.
60
What is the highest common factor of 51 and 36669?
51
Calculate the highest common factor of 13 and 8996.
13
What is the greatest common factor of 172 and 2?
2
What is the highest common divisor of 18 and 18?
18
Calculate the greatest common factor of 435 and 120.
15
Calculate the greatest common divisor of 592 and 16.
16
Calculate the greatest common divisor of 39 and 507.
39
What is the highest common factor of 3 and 39?
3
What is the greatest common divisor of 2 and 19?
1
What is the greatest common divisor of 6095 and 10?
5
What is the highest common divisor of 96 and 36?
12
Calculate the highest common divisor of 5550 and 1443.
111
Calculate the highest common divisor of 22 and 78.
2
What is the highest common divisor of 882 and 36?
18
Calculate the highest common divisor of 9 and 1341.
9
Calculate the greatest common factor of 20174 and 1310.
262
Calculate the highest common divisor of 7 and 1477.
7
Calculate the greatest common divisor of 15616 and 183.
61
What is the highest common factor of 236 and 4?
4
Calculate the greatest common divisor of 32 and 104.
8
Calculate the highest common factor of 500 and 9125.
125
What is the highest common factor of 306 and 342?
18
What is the highest common divisor of 4004 and 56?
28
Calculate the highest common factor of 1580 and 40.
20
Calculate the highest common divisor of 1169 and 4342.
167
What is the greatest common divisor of 868 and 4?
4
Calculate the greatest common divisor of 112 and 1652.
28
Calculate the greatest common divisor of 16479 and 18.
9
Calculate the greatest common divisor of 14 and 602.
14
Calculate the greatest common divisor of 874 and 598.
46
Calculate the greatest common factor of 84 and 7280.
28
Calculate the greatest common divisor of 341 and 496.
31
Calculate the highest common factor of 119 and 17.
17
Calculate the highest common factor of 57 and 3.
3
What is the highest common divisor of 152 and 696?
8
Calculate the highest common divisor of 1932 and 7176.
276
Calculate the greatest common divisor of 25 and 1675.
25
What is the highest common factor of 209 and 19?
19
What is the greatest common divisor of 700 and 980?
140
Calculate the highest common factor of 8320 and 260.
260
Calculate the highest common factor of 22 and 781.
11
Calculate the highest common factor of 558 and 3534.
186
What is the highest common factor of 52 and 13?
13
Calculate the highest common divisor of 39 and 143.
13
Calculate the highest common divisor of 72 and 612.
36
Calculate the highest common factor of 75 and 60.
15
Calculate the highest common divisor of 524 and 3013.
131
Calculate the highest common factor of 498 and 6.
6
Calculate the highest common divisor of 999 and 2241.
27
Calculate the greatest common factor of 393 and 3.
3
Calculate the greatest common factor of 1375 and 11.
11
Calculate the highest common divisor of 637 and 13.
13
What is the highest common factor of 279 and 27?
9
Calculate the highest common divisor of 533 and 26.
13
What is the highest common factor of 12 and 90?
6
What is the greatest common divisor of 13359 and 657?
219
Calculate the 